{"id":6364,"date":"2023-04-25T10:09:01","date_gmt":"2023-04-25T10:09:01","guid":{"rendered":"https:\/\/cifetv.up-cife.com\/?post_type=movie&#038;p=6364"},"modified":"2023-08-25T06:47:00","modified_gmt":"2023-08-25T06:47:00","slug":"novenaria","status":"publish","type":"movie","link":"https:\/\/cifetv.up-cife.com\/?movie=novenaria","title":{"rendered":"Novenario a nuestra se\u00f1ora la sant\u00edsima <br> Virgen De La Monta\u00f1a"},"content":{"rendered":"\n<p class=\"has-text-color\" style=\"color:#b4bbc0\">Solemne novenario a nuestra se\u00f1ora la sant\u00edsima Virgen De La Monta\u00f1a.<br>Patrona de la ciudad de C\u00e1ceres. Fiesta de inter\u00e9s tur\u00edstico de Extremadura.<br><\/p>\n\n\n\n<p class=\"has-text-color\" style=\"color:#b4bbc0\">Siguiendo este enlace, podr\u00e1s ver todos los d\u00edas del solemne novenario en directo desde el 27 al 5 de mayo.<\/p>\n\n\n\n<p>\n  <a href=\"https:\/\/www.youtube.com\/playlist?list=PLImeMjATi9xhrKW74NwMNFTbfcvYdnWW_\">Pincha aqu\u00ed para acceder a la lista de reproducci\u00f3n.<\/a>\n<\/p>\n\n\n<div id=\"movies-sliders-69f12ffe3a281\" class=\"movies-sliders style-v1\" >\n                    <div class=\"movies-sliders-single-content\" data-ride=\"vodi-slick-carousel\" data-wrap=\".movies-sliders-single-content__inner\" data-slick=\"{&quot;infinite&quot;:false,&quot;slidesToShow&quot;:1,&quot;slidesToScroll&quot;:1,&quot;arrows&quot;:false,&quot;asNavFor&quot;:&quot;#movies-sliders-69f12ffe3a281 .movies-sliders-gallery-images__inner&quot;}\">\n                        <div class=\"movies-sliders-single-content__inner\">\n                                                    <\/div>\n                    <\/div>\n                    <div class=\"movies-sliders-gallery-images-wrap\">\n                                                <div class=\"movies-sliders-gallery-images\" data-ride=\"vodi-slick-carousel\" data-wrap=\".movies-sliders-gallery-images__inner\" data-slick=\"{&quot;infinite&quot;:false,&quot;slidesToShow&quot;:1,&quot;slidesToScroll&quot;:1,&quot;arrows&quot;:true,&quot;dots&quot;:false,&quot;focusOnSelect&quot;:true,&quot;touchMove&quot;:true,&quot;asNavFor&quot;:&quot;#movies-sliders-69f12ffe3a281 .movies-sliders-single-content__inner&quot;,&quot;rows&quot;:3,&quot;slidesPerRow&quot;:3,&quot;responsive&quot;:[{&quot;breakpoint&quot;:767,&quot;settings&quot;:{&quot;rows&quot;:1,&quot;slidesPerRow&quot;:1,&quot;slidesToShow&quot;:2}},{&quot;breakpoint&quot;:992,&quot;settings&quot;:{&quot;rows&quot;:1,&quot;slidesPerRow&quot;:1,&quot;slidesToShow&quot;:3,&quot;slidesToScroll&quot;:3}},{&quot;breakpoint&quot;:1200,&quot;settings&quot;:{&quot;rows&quot;:1,&quot;slidesPerRow&quot;:1,&quot;slidesToShow&quot;:4,&quot;slidesToScroll&quot;:4}}]}\">\n                            <div class=\"movies-sliders-gallery-images__inner\">\n                                                            <\/div>\n                        <\/div>\n                    <\/div>\n                <\/div>\n\n\n<p><\/p>\n","protected":false},"excerpt":{"rendered":"<p>Solemne novenario a nuestra se\u00f1ora la sant\u00edsima Virgen De La Monta\u00f1a.Patrona de la ciudad de C\u00e1ceres. Fiesta de inter\u00e9s tur\u00edstico<\/p>\n","protected":false},"author":1,"featured_media":6370,"comment_status":"closed","ping_status":"closed","template":"","meta":[],"movie_genre":[217,229,231],"movie_tag":[221],"movie_catalogo":[],"_links":{"self":[{"href":"https:\/\/cifetv.up-cife.com\/index.php?rest_route=\/wp\/v2\/movie\/6364"}],"collection":[{"href":"https:\/\/cifetv.up-cife.com\/index.php?rest_route=\/wp\/v2\/movie"}],"about":[{"href":"https:\/\/cifetv.up-cife.com\/index.php?rest_route=\/wp\/v2\/types\/movie"}],"author":[{"embeddable":true,"href":"https:\/\/cifetv.up-cife.com\/index.php?rest_route=\/wp\/v2\/users\/1"}],"replies":[{"embeddable":true,"href":"https:\/\/cifetv.up-cife.com\/index.php?rest_route=%2Fwp%2Fv2%2Fcomments&post=6364"}],"wp:featuredmedia":[{"embeddable":true,"href":"https:\/\/cifetv.up-cife.com\/index.php?rest_route=\/wp\/v2\/media\/6370"}],"wp:attachment":[{"href":"https:\/\/cifetv.up-cife.com\/index.php?rest_route=%2Fwp%2Fv2%2Fmedia&parent=6364"}],"wp:term":[{"taxonomy":"movie_genre","embeddable":true,"href":"https:\/\/cifetv.up-cife.com\/index.php?rest_route=%2Fwp%2Fv2%2Fmovie_genre&post=6364"},{"taxonomy":"movie_tag","embeddable":true,"href":"https:\/\/cifetv.up-cife.com\/index.php?rest_route=%2Fwp%2Fv2%2Fmovie_tag&post=6364"},{"taxonomy":"movie_catalogo","embeddable":true,"href":"https:\/\/cifetv.up-cife.com\/index.php?rest_route=%2Fwp%2Fv2%2Fmovie_catalogo&post=6364"}],"curies":[{"name":"wp","href":"https:\/\/api.w.org\/{rel}","templated":true}]}}

Novenario a nuestra señora la santísima <br> Virgen De La Montaña

<p class="has-text-color" style="color:#b4bbc0">Solemne novenario a nuestra señora la santísima Virgen De La Montaña.<br>Patrona de la ciudad de Cáceres. Fiesta de interés turístico de Extremadura.<br></p>



<p class="has-text-color" style="color:#b4bbc0">Siguiendo este enlace, podrás ver todos los días del solemne novenario en directo desde el 27 al 5 de mayo.</p>



<p>
  <a href="https://www.youtube.com/playlist?list=PLImeMjATi9xhrKW74NwMNFTbfcvYdnWW_">Pincha aquí para acceder a la lista de reproducción.</a>
</p>


<div id="movies-sliders-69f12ffe3a281" class="movies-sliders style-v1" >
                    <div class="movies-sliders-single-content" data-ride="vodi-slick-carousel" data-wrap=".movies-sliders-single-content__inner" data-slick="{&quot;infinite&quot;:false,&quot;slidesToShow&quot;:1,&quot;slidesToScroll&quot;:1,&quot;arrows&quot;:false,&quot;asNavFor&quot;:&quot;#movies-sliders-69f12ffe3a281 .movies-sliders-gallery-images__inner&quot;}">
                        <div class="movies-sliders-single-content__inner">
                                                    </div>
                    </div>
                    <div class="movies-sliders-gallery-images-wrap">
                                                <div class="movies-sliders-gallery-images" data-ride="vodi-slick-carousel" data-wrap=".movies-sliders-gallery-images__inner" data-slick="{&quot;infinite&quot;:false,&quot;slidesToShow&quot;:1,&quot;slidesToScroll&quot;:1,&quot;arrows&quot;:true,&quot;dots&quot;:false,&quot;focusOnSelect&quot;:true,&quot;touchMove&quot;:true,&quot;asNavFor&quot;:&quot;#movies-sliders-69f12ffe3a281 .movies-sliders-single-content__inner&quot;,&quot;rows&quot;:3,&quot;slidesPerRow&quot;:3,&quot;responsive&quot;:[{&quot;breakpoint&quot;:767,&quot;settings&quot;:{&quot;rows&quot;:1,&quot;slidesPerRow&quot;:1,&quot;slidesToShow&quot;:2}},{&quot;breakpoint&quot;:992,&quot;settings&quot;:{&quot;rows&quot;:1,&quot;slidesPerRow&quot;:1,&quot;slidesToShow&quot;:3,&quot;slidesToScroll&quot;:3}},{&quot;breakpoint&quot;:1200,&quot;settings&quot;:{&quot;rows&quot;:1,&quot;slidesPerRow&quot;:1,&quot;slidesToShow&quot;:4,&quot;slidesToScroll&quot;:4}}]}">
                            <div class="movies-sliders-gallery-images__inner">
                                                            </div>
                        </div>
                    </div>
                </div>


<p></p>

<p>Solemne novenario a nuestra señora la santísima Virgen De La Montaña.Patrona de la ciudad de Cáceres. Fiesta de interés turístico</p>
