{"id":5977,"date":"2023-02-08T11:05:36","date_gmt":"2023-02-08T11:05:36","guid":{"rendered":"https:\/\/cifetv.up-cife.com\/?post_type=movie&#038;p=5977"},"modified":"2023-04-11T08:28:36","modified_gmt":"2023-04-11T08:28:36","slug":"las-fiestas-del-febrero","status":"publish","type":"movie","link":"https:\/\/cifetv.up-cife.com\/?movie=las-fiestas-del-febrero","title":{"rendered":"Las fiestas del Febrero"},"content":{"rendered":"","protected":false},"excerpt":{"rendered":"<p>Nacimiento de la nueva fiesta del \u00abFebrero\u00bb Proceso de gestaci\u00f3n en el Aula de la Tercera Edad<\/p>\n<p>En los a\u00f1os ochenta del siglo pasado las conocidas como Aulas de la Tercera Edad se integraron en las Universidades Populares<\/p>\n<p>comenzando a tener una nueva vida y contenidos (tal y como nos informan Pilar Gonz\u00e1lez y Fernando Jim\u00e9nez Berrocal).<\/p>\n<p>Hacia 1988, la de C\u00e1ceres, bajo la direcci\u00f3n de Pilar Gonz\u00e1lez, funcionaba atendiendo a las necesidades de alfabetizaci\u00f3n y<\/p>\n<p>cultura general de los mayores, organizada en tres talleres: Corte y Confecci\u00f3n (coordinado por Mercedes Fragoso), Cocina (por Pilar Gonz\u00e1lez) y<\/p>\n<p>Taller de Historia Oral (por Fernando Jim\u00e9nez Berrocal). En este \u00faltimo, de Historia Oral, se inici\u00f3 en ese a\u00f1o de 1988 un interesante proyecto<\/p>\n<p>de recuperaci\u00f3n de las tradiciones a trav\u00e9s del recurso de la memoria de las personas participantes en el taller.<\/p>\n<p>\u00abActivar la memoria\u00bb de los participantes era la idea prioritaria, seg\u00fan Jim\u00e9nez Berrocal. Se pretend\u00eda, a la vez, recuperar tradiciones populares de la ciudad; en este caso, la tradici\u00f3n de las lavanderas y sus fiestas. La experiencia resulta muy interesante tanto por su metodolog\u00eda como por sus resultados. Los participantes se constituyen a la vez en objeto de estudio y en sujeto protagonista del mismo. Supone, por tanto, un reconocimiento a los miembros del grupo que, saliendo de esa situaci\u00f3n de anonimato, pueden, a trav\u00e9s de sus recuerdos, aportar y compartir realidades, vivencias, situaciones y tradiciones de las que no hay constancia escrita. Y no la hay, debido a la irrelevancia social de este grupo profesional de las lavanderas y y de su trabajo en aquellos a\u00f1os. La investigaci\u00f3n, en palabras de Maurizio Catani (2002), permiti\u00f3 \u00abbosquejar una parte de la cultura material y simb\u00f3lica de la ciudad en el primer tercio del siglo\u00bb.<\/p>\n","protected":false},"author":1,"featured_media":5983,"comment_status":"closed","ping_status":"closed","template":"","meta":[],"movie_genre":[217,229,230],"movie_tag":[],"movie_catalogo":[],"_links":{"self":[{"href":"https:\/\/cifetv.up-cife.com\/index.php?rest_route=\/wp\/v2\/movie\/5977"}],"collection":[{"href":"https:\/\/cifetv.up-cife.com\/index.php?rest_route=\/wp\/v2\/movie"}],"about":[{"href":"https:\/\/cifetv.up-cife.com\/index.php?rest_route=\/wp\/v2\/types\/movie"}],"author":[{"embeddable":true,"href":"https:\/\/cifetv.up-cife.com\/index.php?rest_route=\/wp\/v2\/users\/1"}],"replies":[{"embeddable":true,"href":"https:\/\/cifetv.up-cife.com\/index.php?rest_route=%2Fwp%2Fv2%2Fcomments&post=5977"}],"wp:featuredmedia":[{"embeddable":true,"href":"https:\/\/cifetv.up-cife.com\/index.php?rest_route=\/wp\/v2\/media\/5983"}],"wp:attachment":[{"href":"https:\/\/cifetv.up-cife.com\/index.php?rest_route=%2Fwp%2Fv2%2Fmedia&parent=5977"}],"wp:term":[{"taxonomy":"movie_genre","embeddable":true,"href":"https:\/\/cifetv.up-cife.com\/index.php?rest_route=%2Fwp%2Fv2%2Fmovie_genre&post=5977"},{"taxonomy":"movie_tag","embeddable":true,"href":"https:\/\/cifetv.up-cife.com\/index.php?rest_route=%2Fwp%2Fv2%2Fmovie_tag&post=5977"},{"taxonomy":"movie_catalogo","embeddable":true,"href":"https:\/\/cifetv.up-cife.com\/index.php?rest_route=%2Fwp%2Fv2%2Fmovie_catalogo&post=5977"}],"curies":[{"name":"wp","href":"https:\/\/api.w.org\/{rel}","templated":true}]}}

<p>Nacimiento de la nueva fiesta del «Febrero» Proceso de gestación en el Aula de la Tercera Edad</p>
<p>En los años ochenta del siglo pasado las conocidas como Aulas de la Tercera Edad se integraron en las Universidades Populares</p>
<p>comenzando a tener una nueva vida y contenidos (tal y como nos informan Pilar González y Fernando Jiménez Berrocal).</p>
<p>Hacia 1988, la de Cáceres, bajo la dirección de Pilar González, funcionaba atendiendo a las necesidades de alfabetización y</p>
<p>cultura general de los mayores, organizada en tres talleres: Corte y Confección (coordinado por Mercedes Fragoso), Cocina (por Pilar González) y</p>
<p>Taller de Historia Oral (por Fernando Jiménez Berrocal). En este último, de Historia Oral, se inició en ese año de 1988 un interesante proyecto</p>
<p>de recuperación de las tradiciones a través del recurso de la memoria de las personas participantes en el taller.</p>
<p>«Activar la memoria» de los participantes era la idea prioritaria, según Jiménez Berrocal. Se pretendía, a la vez, recuperar tradiciones populares de la ciudad; en este caso, la tradición de las lavanderas y sus fiestas. La experiencia resulta muy interesante tanto por su metodología como por sus resultados. Los participantes se constituyen a la vez en objeto de estudio y en sujeto protagonista del mismo. Supone, por tanto, un reconocimiento a los miembros del grupo que, saliendo de esa situación de anonimato, pueden, a través de sus recuerdos, aportar y compartir realidades, vivencias, situaciones y tradiciones de las que no hay constancia escrita. Y no la hay, debido a la irrelevancia social de este grupo profesional de las lavanderas y y de su trabajo en aquellos años. La investigación, en palabras de Maurizio Catani (2002), permitió «bosquejar una parte de la cultura material y simbólica de la ciudad en el primer tercio del siglo».</p>
